{"id":8,"date":"2016-07-06T07:39:53","date_gmt":"2016-07-06T07:39:53","guid":{"rendered":"http:\/\/www.foerderverein-bc.de\/?page_id=8"},"modified":"2025-06-04T16:11:47","modified_gmt":"2025-06-04T14:11:47","slug":"uber-uns","status":"publish","type":"page","link":"https:\/\/www.foerderverein-bc.de\/index.php\/uber-uns\/","title":{"rendered":"\u00dcber uns"},"content":{"rendered":"\n<p><\/p>\n\n\n\n<p><strong>Neuer Vorstand im F\u00f6rderverein f\u00fcr berufliche Fortbildung Biberach (FbF) <\/strong><\/p>\n\n\n\n<p>Seit 14. Mai 2025 ist Herr Philipp Gerster (Fa. Gustav Gerster GmbH &amp; Co.KG Biberach)<br>einstimmig von der Mitgliederversammlung zum neuen Vorstand gew\u00e4hlt worden.<\/p>\n\n\n\n<p>Im F\u00f6rderverein f\u00fcr berufliche Fortbildung FbF bieten die f\u00fcnf beruflichen Schulen des Landkreises Biberach seit 1987 gemeinsam Fortbildungskurse f\u00fcr interessierte Privatpersonen und f\u00fcr Betriebe, die Ihre Mitarbeiter weiterbilden wollen an. Langj\u00e4hrige Erfahrung und eine breite fachliche Kompetenz der Referenten erm\u00f6glichen passgenaue Fortbildungsangebote f\u00fcr Gruppen und Betriebe. Der F\u00f6rderverein f\u00fcr berufliche Fortbildung ist in seiner Struktur eine einzigartige Einrichtung in Baden-W\u00fcrttemberg.<\/p>\n\n\n\n<h2 class=\"wp-block-heading\">Vorsitzender<\/h2>\n\n\n\n<ol class=\"wp-block-list\">\n<li>Vorsitzender Herr Philipp Gerster<\/li>\n\n\n\n<li>Vorsitzender Frau Dr. Sylvia Schubert<\/li>\n<\/ol>\n\n\n\n<h2 class=\"wp-block-heading\">Zweck des Vereins<\/h2>\n\n\n\n<ul class=\"wp-block-list\">\n<li>Zweck des Vereins ist es, im Rahmen der beruflichen Bildung die Fortbildung an den beruflichen Schulen im Landkreis Biberach zu f\u00f6rdern.<\/li>\n\n\n\n<li>Der Verein verfolgt dabei ausschlie\u00dflich und unmittelbar gemeinn\u00fctzige Zwecke im Sinne des Abschnitts &#8222;Steuerbeg\u00fcnstigte Zwecke&#8220; der Abgabenordnung. Der Verein ist selbstlos t\u00e4tig; er verfolgt nicht in erster Linie eigenwirtschaftliche Zwecke.<\/li>\n\n\n\n<li>Zur Erreichung dieses Zweckes wird der Verein Fortbildungslehrg\u00e4nge, in Abstimmung und in Kooperation mit Schulen, Schultr\u00e4gern, Industrie- und Handelskammer, Handwerkskammer und Wirtschaftsunternehmen anbieten und durchf\u00fchren. Im Rahmen seiner M\u00f6glichkeiten f\u00f6rdert der Verein auch die Ausstattung der Schulen mit Maschinen und Ger\u00e4ten, welche f\u00fcr die vorgenannten Ma\u00dfnahmen notwendig sind.<\/li>\n<\/ul>\n\n\n\n<h2 class=\"wp-block-heading\">Aufgabe und Zusammensetzung des Beirat<\/h2>\n\n\n\n<p>Der Beirat tritt bei Bedarf zusammen; er ist beschlussf\u00e4hig bei Anwesenheit von mindestens 9 Mitgliedern. Er beschlie\u00dft bei einfacher Mehrheit der anwesenden Mitglieder. Der Beirat erarbeitet das Fortbildungsprogramm des Vereins. Bei aktuellem Bedarf entscheidet er \u00fcber zus\u00e4tzliche Fortbildungsma\u00dfnahmen.<\/p>\n\n\n\n<h2 class=\"wp-block-heading\">Zusammensetzung des Beirates<\/h2>\n\n\n\n<ul class=\"wp-block-list\">\n<li>der Vorstand<\/li>\n\n\n\n<li>der Landrat oder dessen Beauftragter<\/li>\n\n\n\n<li>die Schulleiter der beruflichen Schulen, soweit sie nicht im Vorstand vertreten sind<\/li>\n\n\n\n<li>ein Beauftragter der Industrie- und Handelskammer<\/li>\n\n\n\n<li>ein Beauftragter der Handwerkskammer<\/li>\n\n\n\n<li>der Gesch\u00e4ftsf\u00fchrer der Kreishandwerkerschaft<\/li>\n\n\n\n<li>ein Vertreter der IHK-Betriebe im Landkreis Biberach<\/li>\n\n\n\n<li>ein Vertreter der Handwerksbetriebe im Landkreis Biberach<\/li>\n\n\n\n<li>ein Vertreter der Volkshochschulen und den Bildungswerken im Landkreis Biberach<\/li>\n\n\n\n<li>ein Vertreter der Gewerkschaften aus dem Landkreis Biberach<\/li>\n<\/ul>\n\n\n\n<h2 class=\"wp-block-heading\">Verwendung der Mittel des Vereins<\/h2>\n\n\n\n<ul class=\"wp-block-list\">\n<li>Der Verein erstrebt keinen Gewinn. Etwaige Gewinne d\u00fcrfen nur f\u00fcr die satzungsgem\u00e4\u00dfen Zwecke verwendet werden. Die Mitglieder erhalten keine Gewinnanteile und in ihrer Eigenschaft als Mitglieder auch keine sonstigen Zuwendungen aus Mitteln des Vereins.<\/li>\n\n\n\n<li>Die Mittel des Vereins d\u00fcrfen nur f\u00fcr die satzungsgem\u00e4\u00dfen Zwecke verwendet werden. Es darf keine Person durch Verwaltungsausgaben, die den Zwecken des Vereins fremd sind oder durch unverh\u00e4ltnism\u00e4\u00dfig hohe Verg\u00fctungen beg\u00fcnstigt werden.<\/li>\n\n\n\n<li>Die Kassenf\u00fchrung und die Rechnungsf\u00fchrung des Vereins obliegen dem Schatzmeister nach den Weisungen des Vorstands. Die Kassenf\u00fchrung ist j\u00e4hrlich durch die von der Mitgliederversammlung gew\u00e4hlten Rechnungspr\u00fcfer zu pr\u00fcfen.<\/li>\n<\/ul>\n\n\n\n<h2 class=\"wp-block-heading\">Nutzen des Vereins<\/h2>\n\n\n\n<ul class=\"wp-block-list\">\n<li>Effiziente Nutzung der \u00f6ffentlichen Einrichtungen an den beruflichen Schulen im Landkreis Biberach zur F\u00f6rderung der beruflichen Fortbildung.<\/li>\n\n\n\n<li>Entlastung des \u00f6ffentlichen Haushalts durch zweckgebundene R\u00fcckf\u00fchrung der erwirtschafteten Mittel.<\/li>\n\n\n\n<li>M\u00f6glichkeit des Angebotes f\u00fcr spezifische und ortsnahe Weiterbildungsma\u00dfnahmen f\u00fcr Unternehmen.<\/li>\n<\/ul>\n\n\n\n<p>Angeboten werden Kurse in den Bereichen EDV, Bautechnik, Elektrotechnik, Metalltechnik, Fahrzeugtechnik, B\u00fcrotechnik, Sozialp\u00e4dagogik, Naturwissenschaften, Pharmazie.<\/p>\n","protected":false},"excerpt":{"rendered":"<p>Neuer Vorstand im F\u00f6rderverein f\u00fcr berufliche Fortbildung Biberach (FbF) Seit 14. Mai 2025 ist Herr Philipp Gerster (Fa. Gustav Gerster GmbH &amp; Co.KG Biberach)einstimmig von der Mitgliederversammlung zum neuen Vorstand gew\u00e4hlt worden. Im F\u00f6rderverein f\u00fcr<a class=\"read-more\" href=\"https:\/\/www.foerderverein-bc.de\/index.php\/uber-uns\/\">Weiterlesen<\/a><\/p>\n","protected":false},"author":1,"featured_media":2393,"parent":0,"menu_order":0,"comment_status":"closed","ping_status":"closed","template":"","meta":{"footnotes":""},"class_list":["post-8","page","type-page","status-publish","has-post-thumbnail","hentry"],"_links":{"self":[{"href":"https:\/\/www.foerderverein-bc.de\/index.php\/wp-json\/wp\/v2\/pages\/8","targetHints":{"allow":["GET"]}}],"collection":[{"href":"https:\/\/www.foerderverein-bc.de\/index.php\/wp-json\/wp\/v2\/pages"}],"about":[{"href":"https:\/\/www.foerderverein-bc.de\/index.php\/wp-json\/wp\/v2\/types\/page"}],"author":[{"embeddable":true,"href":"https:\/\/www.foerderverein-bc.de\/index.php\/wp-json\/wp\/v2\/users\/1"}],"replies":[{"embeddable":true,"href":"https:\/\/www.foerderverein-bc.de\/index.php\/wp-json\/wp\/v2\/comments?post=8"}],"version-history":[{"count":20,"href":"https:\/\/www.foerderverein-bc.de\/index.php\/wp-json\/wp\/v2\/pages\/8\/revisions"}],"predecessor-version":[{"id":2411,"href":"https:\/\/www.foerderverein-bc.de\/index.php\/wp-json\/wp\/v2\/pages\/8\/revisions\/2411"}],"wp:featuredmedia":[{"embeddable":true,"href":"https:\/\/www.foerderverein-bc.de\/index.php\/wp-json\/wp\/v2\/media\/2393"}],"wp:attachment":[{"href":"https:\/\/www.foerderverein-bc.de\/index.php\/wp-json\/wp\/v2\/media?parent=8"}],"curies":[{"name":"wp","href":"https:\/\/api.w.org\/{rel}","templated":true}]}}

Über uns

<p></p>



<p><strong>Neuer Vorstand im Förderverein für berufliche Fortbildung Biberach (FbF) </strong></p>



<p>Seit 14. Mai 2025 ist Herr Philipp Gerster (Fa. Gustav Gerster GmbH &amp; Co.KG Biberach)<br>einstimmig von der Mitgliederversammlung zum neuen Vorstand gewählt worden.</p>



<p>Im Förderverein für berufliche Fortbildung FbF bieten die fünf beruflichen Schulen des Landkreises Biberach seit 1987 gemeinsam Fortbildungskurse für interessierte Privatpersonen und für Betriebe, die Ihre Mitarbeiter weiterbilden wollen an. Langjährige Erfahrung und eine breite fachliche Kompetenz der Referenten ermöglichen passgenaue Fortbildungsangebote für Gruppen und Betriebe. Der Förderverein für berufliche Fortbildung ist in seiner Struktur eine einzigartige Einrichtung in Baden-Württemberg.</p>



<h2 class="wp-block-heading">Vorsitzender</h2>



<ol class="wp-block-list">
<li>Vorsitzender Herr Philipp Gerster</li>



<li>Vorsitzender Frau Dr. Sylvia Schubert</li>
</ol>



<h2 class="wp-block-heading">Zweck des Vereins</h2>



<ul class="wp-block-list">
<li>Zweck des Vereins ist es, im Rahmen der beruflichen Bildung die Fortbildung an den beruflichen Schulen im Landkreis Biberach zu fördern.</li>



<li>Der Verein verfolgt dabei ausschließlich und unmittelbar gemeinnützige Zwecke im Sinne des Abschnitts &#8222;Steuerbegünstigte Zwecke&#8220; der Abgabenordnung. Der Verein ist selbstlos tätig; er verfolgt nicht in erster Linie eigenwirtschaftliche Zwecke.</li>



<li>Zur Erreichung dieses Zweckes wird der Verein Fortbildungslehrgänge, in Abstimmung und in Kooperation mit Schulen, Schulträgern, Industrie- und Handelskammer, Handwerkskammer und Wirtschaftsunternehmen anbieten und durchführen. Im Rahmen seiner Möglichkeiten fördert der Verein auch die Ausstattung der Schulen mit Maschinen und Geräten, welche für die vorgenannten Maßnahmen notwendig sind.</li>
</ul>



<h2 class="wp-block-heading">Aufgabe und Zusammensetzung des Beirat</h2>



<p>Der Beirat tritt bei Bedarf zusammen; er ist beschlussfähig bei Anwesenheit von mindestens 9 Mitgliedern. Er beschließt bei einfacher Mehrheit der anwesenden Mitglieder. Der Beirat erarbeitet das Fortbildungsprogramm des Vereins. Bei aktuellem Bedarf entscheidet er über zusätzliche Fortbildungsmaßnahmen.</p>



<h2 class="wp-block-heading">Zusammensetzung des Beirates</h2>



<ul class="wp-block-list">
<li>der Vorstand</li>



<li>der Landrat oder dessen Beauftragter</li>



<li>die Schulleiter der beruflichen Schulen, soweit sie nicht im Vorstand vertreten sind</li>



<li>ein Beauftragter der Industrie- und Handelskammer</li>



<li>ein Beauftragter der Handwerkskammer</li>



<li>der Geschäftsführer der Kreishandwerkerschaft</li>



<li>ein Vertreter der IHK-Betriebe im Landkreis Biberach</li>



<li>ein Vertreter der Handwerksbetriebe im Landkreis Biberach</li>



<li>ein Vertreter der Volkshochschulen und den Bildungswerken im Landkreis Biberach</li>



<li>ein Vertreter der Gewerkschaften aus dem Landkreis Biberach</li>
</ul>



<h2 class="wp-block-heading">Verwendung der Mittel des Vereins</h2>



<ul class="wp-block-list">
<li>Der Verein erstrebt keinen Gewinn. Etwaige Gewinne dürfen nur für die satzungsgemäßen Zwecke verwendet werden. Die Mitglieder erhalten keine Gewinnanteile und in ihrer Eigenschaft als Mitglieder auch keine sonstigen Zuwendungen aus Mitteln des Vereins.</li>



<li>Die Mittel des Vereins dürfen nur für die satzungsgemäßen Zwecke verwendet werden. Es darf keine Person durch Verwaltungsausgaben, die den Zwecken des Vereins fremd sind oder durch unverhältnismäßig hohe Vergütungen begünstigt werden.</li>



<li>Die Kassenführung und die Rechnungsführung des Vereins obliegen dem Schatzmeister nach den Weisungen des Vorstands. Die Kassenführung ist jährlich durch die von der Mitgliederversammlung gewählten Rechnungsprüfer zu prüfen.</li>
</ul>



<h2 class="wp-block-heading">Nutzen des Vereins</h2>



<ul class="wp-block-list">
<li>Effiziente Nutzung der öffentlichen Einrichtungen an den beruflichen Schulen im Landkreis Biberach zur Förderung der beruflichen Fortbildung.</li>



<li>Entlastung des öffentlichen Haushalts durch zweckgebundene Rückführung der erwirtschafteten Mittel.</li>



<li>Möglichkeit des Angebotes für spezifische und ortsnahe Weiterbildungsmaßnahmen für Unternehmen.</li>
</ul>



<p>Angeboten werden Kurse in den Bereichen EDV, Bautechnik, Elektrotechnik, Metalltechnik, Fahrzeugtechnik, Bürotechnik, Sozialpädagogik, Naturwissenschaften, Pharmazie.</p>

<p>Neuer Vorstand im Förderverein für berufliche Fortbildung Biberach (FbF) Seit 14. Mai 2025 ist Herr Philipp Gerster (Fa. Gustav Gerster GmbH &amp; Co.KG Biberach)einstimmig von der Mitgliederversammlung zum neuen Vorstand gewählt worden. Im Förderverein für<a class="read-more" href="https://www.foerderverein-bc.de/index.php/uber-uns/">Weiterlesen</a></p>
