{"id":53,"date":"2016-07-06T08:17:37","date_gmt":"2016-07-06T08:17:37","guid":{"rendered":"http:\/\/www.foerderverein-bc.de\/?page_id=53"},"modified":"2025-05-19T15:24:23","modified_gmt":"2025-05-19T13:24:23","slug":"home","status":"publish","type":"page","link":"https:\/\/www.foerderverein-bc.de\/","title":{"rendered":""},"content":{"rendered":"\n<hr class=\"wp-block-separator has-css-opacity\"\/>\n\n\n\n<p><a href=\"https:\/\/www.foerderverein-bc.de\/index.php\/kurse\/\">Hier geht es zu den Kursen.<\/a><\/p>\n\n\n\n<hr class=\"wp-block-separator has-css-opacity\"\/>\n\n\n\n<h4 class=\"wp-block-heading\">&nbsp;<\/h4>\n\n\n\n<h4 class=\"wp-block-heading\" id=\"liebe-besucher\">Liebe Besucher,<\/h4>\n\n\n\n<p class=\"has-text-align-left\">wir stellen Ihnen hier gerne unser Fort- und Weiterbildungsangebot vor. Der F\u00f6rderverein f\u00fcr berufliche Fortbildung an den beruflichen Schulen im Landkreis Biberach ist eine besondere Einrichtung.<br>Die f\u00fcnf beruflichen Schulen des Landkreises bieten gemeinsam Fortbildungskurse f\u00fcr interessierte Privatpersonen und f\u00fcr Betriebe, die Ihre Mitarbeiter weiterbilden wollen an. Unsere Referenten verf\u00fcgen \u00fcber langj\u00e4hrige p\u00e4dagogische Ausbildung und Erfahrung und hohe fachliche Kompetenz. F\u00fcr Gruppen und Betriebe erstellen wir Ihnen gerne ein passgenaues Angebot.<\/p>\n\n\n\n<p class=\"has-text-align-left\">Ich freue mich \u00fcber Ihr Interesse und begr\u00fc\u00dfe Sie ganz herzlich,<\/p>\n\n\n\n<p>Ihr neuer Vorsitzender Philipp Gerster<\/p>\n\n\n\n<div id=\"Layer2\">\n<figure><img loading=\"lazy\" decoding=\"async\" class=\"alignnone size-medium wp-image-75\" src=\"https:\/\/www.foerderverein-bc.de\/wp-content\/uploads\/2016\/07\/logo2_lk_bc-300x86.jpg\" alt=\"logo2_lk_bc\" width=\"300\" height=\"86\"><\/figure><p><\/p>\n<\/div>\n\n\n\n<hr class=\"wp-block-separator has-css-opacity\"\/>\n\n\n\n<p>Die Beruflichen Schulen im Landkreis Biberach sind:<\/p>\n\n\n\n<ul class=\"wp-block-list\">\n<li><a href=\"https:\/\/www.kas-bc.de\/\">Karl-Arnold-Schule<\/a> (Gewerbliche Schule im Kreisberufsschulzentrum)<\/li>\n\n\n\n<li><a href=\"https:\/\/www.mes-bc.de\">Matthias-Erzberger-Schule<\/a> (Haus- und Landwirtschaftliche Schule im Kreisberufsschulzentrum)<\/li>\n\n\n\n<li><a href=\"https:\/\/www.gms-bc.de\">Gebhard-M\u00fcller-Schule<\/a> (Kaufm\u00e4nnische Schule im Kreisberufsschulzentrum)<\/li>\n\n\n\n<li><a href=\"https:\/\/www.kvs-schule.de\">Kilian-von-Steiner Schule<\/a> (Berufliche Schule Laupheim)<\/li>\n\n\n\n<li><a href=\"https:\/\/www.berufliche-schule-riedlingen.de\">Berufliche Schule Riedlingen<\/a><\/li>\n<\/ul>\n\n\n\n<hr class=\"wp-block-separator has-css-opacity\"\/>\n\n\n\n<p><\/p>\n","protected":false},"excerpt":{"rendered":"<p>Hier geht es zu den Kursen. &nbsp; Liebe Besucher, wir stellen Ihnen hier gerne unser Fort- und Weiterbildungsangebot vor. Der F\u00f6rderverein f\u00fcr berufliche Fortbildung an den beruflichen Schulen im Landkreis Biberach ist eine besondere Einrichtung.Die<a class=\"read-more\" href=\"https:\/\/www.foerderverein-bc.de\/\">Weiterlesen<\/a><\/p>\n","protected":false},"author":1,"featured_media":0,"parent":0,"menu_order":0,"comment_status":"closed","ping_status":"closed","template":"","meta":{"footnotes":""},"class_list":["post-53","page","type-page","status-publish","hentry"],"_links":{"self":[{"href":"https:\/\/www.foerderverein-bc.de\/index.php\/wp-json\/wp\/v2\/pages\/53","targetHints":{"allow":["GET"]}}],"collection":[{"href":"https:\/\/www.foerderverein-bc.de\/index.php\/wp-json\/wp\/v2\/pages"}],"about":[{"href":"https:\/\/www.foerderverein-bc.de\/index.php\/wp-json\/wp\/v2\/types\/page"}],"author":[{"embeddable":true,"href":"https:\/\/www.foerderverein-bc.de\/index.php\/wp-json\/wp\/v2\/users\/1"}],"replies":[{"embeddable":true,"href":"https:\/\/www.foerderverein-bc.de\/index.php\/wp-json\/wp\/v2\/comments?post=53"}],"version-history":[{"count":74,"href":"https:\/\/www.foerderverein-bc.de\/index.php\/wp-json\/wp\/v2\/pages\/53\/revisions"}],"predecessor-version":[{"id":2388,"href":"https:\/\/www.foerderverein-bc.de\/index.php\/wp-json\/wp\/v2\/pages\/53\/revisions\/2388"}],"wp:attachment":[{"href":"https:\/\/www.foerderverein-bc.de\/index.php\/wp-json\/wp\/v2\/media?parent=53"}],"curies":[{"name":"wp","href":"https:\/\/api.w.org\/{rel}","templated":true}]}}

<hr class="wp-block-separator has-css-opacity"/>



<p><a href="https://www.foerderverein-bc.de/index.php/kurse/">Hier geht es zu den Kursen.</a></p>



<hr class="wp-block-separator has-css-opacity"/>



<h4 class="wp-block-heading">&nbsp;</h4>



<h4 class="wp-block-heading" id="liebe-besucher">Liebe Besucher,</h4>



<p class="has-text-align-left">wir stellen Ihnen hier gerne unser Fort- und Weiterbildungsangebot vor. Der Förderverein für berufliche Fortbildung an den beruflichen Schulen im Landkreis Biberach ist eine besondere Einrichtung.<br>Die fünf beruflichen Schulen des Landkreises bieten gemeinsam Fortbildungskurse für interessierte Privatpersonen und für Betriebe, die Ihre Mitarbeiter weiterbilden wollen an. Unsere Referenten verfügen über langjährige pädagogische Ausbildung und Erfahrung und hohe fachliche Kompetenz. Für Gruppen und Betriebe erstellen wir Ihnen gerne ein passgenaues Angebot.</p>



<p class="has-text-align-left">Ich freue mich über Ihr Interesse und begrüße Sie ganz herzlich,</p>



<p>Ihr neuer Vorsitzender Philipp Gerster</p>



<div id="Layer2">
<figure><img loading="lazy" decoding="async" class="alignnone size-medium wp-image-75" src="https://www.foerderverein-bc.de/wp-content/uploads/2016/07/logo2_lk_bc-300x86.jpg" alt="logo2_lk_bc" width="300" height="86"></figure><p></p>
</div>



<hr class="wp-block-separator has-css-opacity"/>



<p>Die Beruflichen Schulen im Landkreis Biberach sind:</p>



<ul class="wp-block-list">
<li><a href="https://www.kas-bc.de/">Karl-Arnold-Schule</a> (Gewerbliche Schule im Kreisberufsschulzentrum)</li>



<li><a href="https://www.mes-bc.de">Matthias-Erzberger-Schule</a> (Haus- und Landwirtschaftliche Schule im Kreisberufsschulzentrum)</li>



<li><a href="https://www.gms-bc.de">Gebhard-Müller-Schule</a> (Kaufmännische Schule im Kreisberufsschulzentrum)</li>



<li><a href="https://www.kvs-schule.de">Kilian-von-Steiner Schule</a> (Berufliche Schule Laupheim)</li>



<li><a href="https://www.berufliche-schule-riedlingen.de">Berufliche Schule Riedlingen</a></li>
</ul>



<hr class="wp-block-separator has-css-opacity"/>



<p></p>

<p>Hier geht es zu den Kursen. &nbsp; Liebe Besucher, wir stellen Ihnen hier gerne unser Fort- und Weiterbildungsangebot vor. Der Förderverein für berufliche Fortbildung an den beruflichen Schulen im Landkreis Biberach ist eine besondere Einrichtung.Die<a class="read-more" href="https://www.foerderverein-bc.de/">Weiterlesen</a></p>
