{"id":41,"date":"2016-07-06T07:58:29","date_gmt":"2016-07-06T07:58:29","guid":{"rendered":"http:\/\/www.foerderverein-bc.de\/?page_id=41"},"modified":"2021-05-28T14:28:11","modified_gmt":"2021-05-28T12:28:11","slug":"teilnahmebedingungen","status":"publish","type":"page","link":"https:\/\/www.foerderverein-bc.de\/index.php\/uber-uns\/teilnahmebedingungen\/","title":{"rendered":"Teilnahmebedingungen"},"content":{"rendered":"<div class=\"content\">\n<h1>Anmeldung<\/h1>\n<p>Die Anmeldung zur Teilnahme an Kursen, Informations- und Vortragsveranstaltungen muss schriftlich erfolgen. Mit Zugang der schriftlichen Teilnahmebest\u00e4tigung kommt der Vertrag zustande.<\/p>\n<p>Sie k\u00f6nnen sich bei unserer Gesch\u00e4ftsstelle<\/p>\n<ul>\n<li>schriftlich per Post,<\/li>\n<li>per Fax,<\/li>\n<li>per E-Mail (<a href=\"mailto:yvonne.richter@biberach.de\">yvonne.richter@biberach.de<\/a>) oder<\/li>\n<li>auf dieser Website bei der <a href=\"https:\/\/www.foerderverein-bc.de\/kurse\/index.php\">Detail-Ansicht<\/a> jedes Kurses online<\/li>\n<\/ul>\n<p>anmelden.<\/p>\n<h1>Abmeldung:<\/h1>\n<p>Bei \u00c4nderungen, \u00dcberbelegungen und Absagen werden die Teilnehmer verst\u00e4ndigt.<\/p>\n<p>Wir behalten uns vor, bei nicht ausreichender Zahl von Anmeldungen, Ausfall des Dozenten (Krankheit, Unfall usw.) oder durch andere triftige Gr\u00fcnde, auch nach best\u00e4tigter Anmeldung, den gebuchten Kurs auf einen Ersatztermin zu verlegen oder zu stornieren. In diesem Fall informieren wir Sie nat\u00fcrlich umgehend. Dar\u00fcber hinausgehende Anspr\u00fcche bestehen jedoch nicht. Besucht ein Teilnehmer die von ihm belegten Kurse oder Seminare nicht, so ist er trotzdem zur Zahlung der vollen Geb\u00fchr verpflichtet.<\/p>\n<p>Gerichtsstand f\u00fcr alle Vertr\u00e4ge ist Biberach an der Riss.<\/p>\n<h1>Zahlungsbedingungen<\/h1>\n<p>Der Teilnehmer erh\u00e4lt zu Kursbeginn vom Dozenten eine Rechnung ausgeh\u00e4ndigt. Diese ist baldm\u00f6glichst<br \/>\nunter Angabe der Rechnungs- und Kurs-Nr. zu \u00fcberweisen.<\/p>\n<h3>Bankverbindung:<\/h3>\n<p>Kreissparkasse Biberach<br \/>\nIBAN: DE67 6545 0070 0000 0383 88<br \/>\nSWIFT-BIC: SBCRDE66<\/p>\n<h1>Hausordnung:<\/h1>\n<p>Bitte beachten Sie in den Unterrichtsr\u00e4umen die <a href=\"https:\/\/www.foerderverein-bc.de\/wp-content\/uploads\/2016\/07\/Hausordnung.doc\">Hausordnung<\/a> des Kreis-Berufschulzentrums.<\/p>\n<\/div>\n","protected":false},"excerpt":{"rendered":"<p>Anmeldung Die Anmeldung zur Teilnahme an Kursen, Informations- und Vortragsveranstaltungen muss schriftlich erfolgen. Mit Zugang der schriftlichen Teilnahmebest\u00e4tigung kommt der Vertrag zustande. Sie k\u00f6nnen sich bei unserer Gesch\u00e4ftsstelle schriftlich per Post, per Fax, per E-Mail<a class=\"read-more\" href=\"https:\/\/www.foerderverein-bc.de\/index.php\/uber-uns\/teilnahmebedingungen\/\">Weiterlesen<\/a><\/p>\n","protected":false},"author":1,"featured_media":0,"parent":8,"menu_order":0,"comment_status":"closed","ping_status":"closed","template":"","meta":{"footnotes":""},"class_list":["post-41","page","type-page","status-publish","hentry"],"_links":{"self":[{"href":"https:\/\/www.foerderverein-bc.de\/index.php\/wp-json\/wp\/v2\/pages\/41","targetHints":{"allow":["GET"]}}],"collection":[{"href":"https:\/\/www.foerderverein-bc.de\/index.php\/wp-json\/wp\/v2\/pages"}],"about":[{"href":"https:\/\/www.foerderverein-bc.de\/index.php\/wp-json\/wp\/v2\/types\/page"}],"author":[{"embeddable":true,"href":"https:\/\/www.foerderverein-bc.de\/index.php\/wp-json\/wp\/v2\/users\/1"}],"replies":[{"embeddable":true,"href":"https:\/\/www.foerderverein-bc.de\/index.php\/wp-json\/wp\/v2\/comments?post=41"}],"version-history":[{"count":4,"href":"https:\/\/www.foerderverein-bc.de\/index.php\/wp-json\/wp\/v2\/pages\/41\/revisions"}],"predecessor-version":[{"id":1426,"href":"https:\/\/www.foerderverein-bc.de\/index.php\/wp-json\/wp\/v2\/pages\/41\/revisions\/1426"}],"up":[{"embeddable":true,"href":"https:\/\/www.foerderverein-bc.de\/index.php\/wp-json\/wp\/v2\/pages\/8"}],"wp:attachment":[{"href":"https:\/\/www.foerderverein-bc.de\/index.php\/wp-json\/wp\/v2\/media?parent=41"}],"curies":[{"name":"wp","href":"https:\/\/api.w.org\/{rel}","templated":true}]}}

<div class="content">
<h1>Anmeldung</h1>
<p>Die Anmeldung zur Teilnahme an Kursen, Informations- und Vortragsveranstaltungen muss schriftlich erfolgen. Mit Zugang der schriftlichen Teilnahmebestätigung kommt der Vertrag zustande.</p>
<p>Sie können sich bei unserer Geschäftsstelle</p>
<ul>
<li>schriftlich per Post,</li>
<li>per Fax,</li>
<li>per E-Mail (<a href="mailto:yvonne.richter@biberach.de">yvonne.richter@biberach.de</a>) oder</li>
<li>auf dieser Website bei der <a href="https://www.foerderverein-bc.de/kurse/index.php">Detail-Ansicht</a> jedes Kurses online</li>
</ul>
<p>anmelden.</p>
<h1>Abmeldung:</h1>
<p>Bei Änderungen, Überbelegungen und Absagen werden die Teilnehmer verständigt.</p>
<p>Wir behalten uns vor, bei nicht ausreichender Zahl von Anmeldungen, Ausfall des Dozenten (Krankheit, Unfall usw.) oder durch andere triftige Gründe, auch nach bestätigter Anmeldung, den gebuchten Kurs auf einen Ersatztermin zu verlegen oder zu stornieren. In diesem Fall informieren wir Sie natürlich umgehend. Darüber hinausgehende Ansprüche bestehen jedoch nicht. Besucht ein Teilnehmer die von ihm belegten Kurse oder Seminare nicht, so ist er trotzdem zur Zahlung der vollen Gebühr verpflichtet.</p>
<p>Gerichtsstand für alle Verträge ist Biberach an der Riss.</p>
<h1>Zahlungsbedingungen</h1>
<p>Der Teilnehmer erhält zu Kursbeginn vom Dozenten eine Rechnung ausgehändigt. Diese ist baldmöglichst<br />
unter Angabe der Rechnungs- und Kurs-Nr. zu überweisen.</p>
<h3>Bankverbindung:</h3>
<p>Kreissparkasse Biberach<br />
IBAN: DE67 6545 0070 0000 0383 88<br />
SWIFT-BIC: SBCRDE66</p>
<h1>Hausordnung:</h1>
<p>Bitte beachten Sie in den Unterrichtsräumen die <a href="https://www.foerderverein-bc.de/wp-content/uploads/2016/07/Hausordnung.doc">Hausordnung</a> des Kreis-Berufschulzentrums.</p>
</div>

<p>Anmeldung Die Anmeldung zur Teilnahme an Kursen, Informations- und Vortragsveranstaltungen muss schriftlich erfolgen. Mit Zugang der schriftlichen Teilnahmebestätigung kommt der Vertrag zustande. Sie können sich bei unserer Geschäftsstelle schriftlich per Post, per Fax, per E-Mail<a class="read-more" href="https://www.foerderverein-bc.de/index.php/uber-uns/teilnahmebedingungen/">Weiterlesen</a></p>
