{"id":34,"date":"2016-07-06T07:56:12","date_gmt":"2016-07-06T07:56:12","guid":{"rendered":"http:\/\/www.foerderverein-bc.de\/?page_id=34"},"modified":"2025-05-19T15:28:09","modified_gmt":"2025-05-19T13:28:09","slug":"geschichte","status":"publish","type":"page","link":"https:\/\/www.foerderverein-bc.de\/index.php\/uber-uns\/geschichte\/","title":{"rendered":"Geschichte"},"content":{"rendered":"\n<h1 class=\"wp-block-heading\">Historie des F\u00f6rdervereins f\u00fcr berufliche Fortbildung<\/h1>\n\n\n\n<p>Der FbF wurde im Mai 1987 gegr\u00fcndet. Gr\u00fcndungsmitglieder waren:<\/p>\n\n\n\n<figure class=\"wp-block-table show\"><table><tbody><tr><td>Herr Landrat Dr. Steuer<\/td><td>&nbsp;<\/td><\/tr><tr><td>Herr P\u00fcrckhauer<\/td><td>Firma Dr. Karl Thomae Biberach<\/td><\/tr><tr><td>Herr Dir. Kube<\/td><td>Firma Liebherr Biberach<\/td><\/tr><tr><td>Herr Dir. Reich<\/td><td>Firma Liebherr Biberach<\/td><\/tr><tr><td>Herr Fuchs<\/td><td>Firma Weishaupt Schwendi<\/td><\/tr><tr><td>&nbsp;<\/td><\/tr><tr><td>Herr Franz W\u00f6rz<\/td><td>Kreishandwerksmeister Laupheim<\/td><\/tr><tr><td>Herr Blersch<\/td><td>Gesch\u00e4ftsf\u00fchrer Kreishandwerkerschaft Biberach<\/td><\/tr><tr><td>Herr Maier<\/td><td>IHK Ulm<\/td><\/tr><tr><td>Herr H\u00fcbner<\/td><td>HWK Ulm<\/td><\/tr><tr><td>&nbsp;<\/td><\/tr><tr><td>Herr Dr. Ceh<\/td><td>Karl-Arnold-Schule Biberach<\/td><\/tr><tr><td>Herr Baumg\u00e4rtner<\/td><td>Gebhard-M\u00fcller-Schule Biberach<\/td><\/tr><tr><td>Frau Dr. Mai<\/td><td>Matthias-Erzberger-Schule Biberach<\/td><\/tr><tr><td>Herr Dr. Gna\u00df<\/td><td>Kilian-von-Steiner-Schule Laupheim<\/td><\/tr><tr><td>Herr Heinzelmann<\/td><td>Berufliche Schule Riedlingen<\/td><\/tr><\/tbody><\/table><\/figure>\n\n\n\n<p>Die bisherigen Vorstandsvorsitzenden waren:<\/p>\n\n\n\n<div class=\"wp-block-columns is-layout-flex wp-container-core-columns-is-layout-9d6595d7 wp-block-columns-is-layout-flex\">\n<div class=\"wp-block-column is-layout-flow wp-block-column-is-layout-flow\" style=\"flex-basis:100%\">\n<figure class=\"wp-block-table show\"><table><tbody><tr><td>Herr P\u00fcrckhauer<\/td><td>Mai 1987 bis August 1988<\/td><\/tr><tr><td>Herr Handtmann sen.<\/td><td>September 1988 bis August 1991<\/td><\/tr><tr><td>Herr Fleschhut<\/td><td>Januar 1992 bis Februar 1995<\/td><\/tr><tr><td>Herr Dr. Walzer<\/td><td>Februar 1995 bis Januar 2000<\/td><\/tr><tr><td>Herr Dehio<\/td><td>Januar 2000 bis 2006<\/td><\/tr><tr><td>Herr Dr. Brand<\/td><td>M\u00e4rz 2006 bis Mai 2021<\/td><\/tr><tr><td>Herr Weggenmann<br><br>Herr Dreismann<br><br>Herr Gerster, Philipp<\/td><td>Mai 2021 &#8211; Mai 2022<br><br>Mai 2022 &#8211; Mai 2025<br><br>seit 14.05.2025<\/td><\/tr><\/tbody><\/table><\/figure>\n\n\n\n<div class=\"wp-block-columns is-layout-flex wp-container-core-columns-is-layout-9d6595d7 wp-block-columns-is-layout-flex\">\n<div class=\"wp-block-column is-layout-flow wp-block-column-is-layout-flow\"><\/div>\n<\/div>\n<\/div>\n<\/div>\n\n\n\n<p><\/p>\n","protected":false},"excerpt":{"rendered":"<p>Historie des F\u00f6rdervereins f\u00fcr berufliche Fortbildung Der FbF wurde im Mai 1987 gegr\u00fcndet. Gr\u00fcndungsmitglieder waren: Herr Landrat Dr. Steuer &nbsp; Herr P\u00fcrckhauer Firma Dr. Karl Thomae Biberach Herr Dir. Kube Firma Liebherr Biberach Herr Dir.<a class=\"read-more\" href=\"https:\/\/www.foerderverein-bc.de\/index.php\/uber-uns\/geschichte\/\">Weiterlesen<\/a><\/p>\n","protected":false},"author":1,"featured_media":0,"parent":8,"menu_order":0,"comment_status":"closed","ping_status":"closed","template":"","meta":{"footnotes":""},"class_list":["post-34","page","type-page","status-publish","hentry"],"_links":{"self":[{"href":"https:\/\/www.foerderverein-bc.de\/index.php\/wp-json\/wp\/v2\/pages\/34","targetHints":{"allow":["GET"]}}],"collection":[{"href":"https:\/\/www.foerderverein-bc.de\/index.php\/wp-json\/wp\/v2\/pages"}],"about":[{"href":"https:\/\/www.foerderverein-bc.de\/index.php\/wp-json\/wp\/v2\/types\/page"}],"author":[{"embeddable":true,"href":"https:\/\/www.foerderverein-bc.de\/index.php\/wp-json\/wp\/v2\/users\/1"}],"replies":[{"embeddable":true,"href":"https:\/\/www.foerderverein-bc.de\/index.php\/wp-json\/wp\/v2\/comments?post=34"}],"version-history":[{"count":5,"href":"https:\/\/www.foerderverein-bc.de\/index.php\/wp-json\/wp\/v2\/pages\/34\/revisions"}],"predecessor-version":[{"id":2390,"href":"https:\/\/www.foerderverein-bc.de\/index.php\/wp-json\/wp\/v2\/pages\/34\/revisions\/2390"}],"up":[{"embeddable":true,"href":"https:\/\/www.foerderverein-bc.de\/index.php\/wp-json\/wp\/v2\/pages\/8"}],"wp:attachment":[{"href":"https:\/\/www.foerderverein-bc.de\/index.php\/wp-json\/wp\/v2\/media?parent=34"}],"curies":[{"name":"wp","href":"https:\/\/api.w.org\/{rel}","templated":true}]}}

<h1 class="wp-block-heading">Historie des Fördervereins für berufliche Fortbildung</h1>



<p>Der FbF wurde im Mai 1987 gegründet. Gründungsmitglieder waren:</p>



<figure class="wp-block-table show"><table><tbody><tr><td>Herr Landrat Dr. Steuer</td><td>&nbsp;</td></tr><tr><td>Herr Pürckhauer</td><td>Firma Dr. Karl Thomae Biberach</td></tr><tr><td>Herr Dir. Kube</td><td>Firma Liebherr Biberach</td></tr><tr><td>Herr Dir. Reich</td><td>Firma Liebherr Biberach</td></tr><tr><td>Herr Fuchs</td><td>Firma Weishaupt Schwendi</td></tr><tr><td>&nbsp;</td></tr><tr><td>Herr Franz Wörz</td><td>Kreishandwerksmeister Laupheim</td></tr><tr><td>Herr Blersch</td><td>Geschäftsführer Kreishandwerkerschaft Biberach</td></tr><tr><td>Herr Maier</td><td>IHK Ulm</td></tr><tr><td>Herr Hübner</td><td>HWK Ulm</td></tr><tr><td>&nbsp;</td></tr><tr><td>Herr Dr. Ceh</td><td>Karl-Arnold-Schule Biberach</td></tr><tr><td>Herr Baumgärtner</td><td>Gebhard-Müller-Schule Biberach</td></tr><tr><td>Frau Dr. Mai</td><td>Matthias-Erzberger-Schule Biberach</td></tr><tr><td>Herr Dr. Gnaß</td><td>Kilian-von-Steiner-Schule Laupheim</td></tr><tr><td>Herr Heinzelmann</td><td>Berufliche Schule Riedlingen</td></tr></tbody></table></figure>



<p>Die bisherigen Vorstandsvorsitzenden waren:</p>



<div class="wp-block-columns is-layout-flex wp-container-core-columns-is-layout-9d6595d7 wp-block-columns-is-layout-flex">
<div class="wp-block-column is-layout-flow wp-block-column-is-layout-flow" style="flex-basis:100%">
<figure class="wp-block-table show"><table><tbody><tr><td>Herr Pürckhauer</td><td>Mai 1987 bis August 1988</td></tr><tr><td>Herr Handtmann sen.</td><td>September 1988 bis August 1991</td></tr><tr><td>Herr Fleschhut</td><td>Januar 1992 bis Februar 1995</td></tr><tr><td>Herr Dr. Walzer</td><td>Februar 1995 bis Januar 2000</td></tr><tr><td>Herr Dehio</td><td>Januar 2000 bis 2006</td></tr><tr><td>Herr Dr. Brand</td><td>März 2006 bis Mai 2021</td></tr><tr><td>Herr Weggenmann<br><br>Herr Dreismann<br><br>Herr Gerster, Philipp</td><td>Mai 2021 &#8211; Mai 2022<br><br>Mai 2022 &#8211; Mai 2025<br><br>seit 14.05.2025</td></tr></tbody></table></figure>



<div class="wp-block-columns is-layout-flex wp-container-core-columns-is-layout-9d6595d7 wp-block-columns-is-layout-flex">
<div class="wp-block-column is-layout-flow wp-block-column-is-layout-flow"></div>
</div>
</div>
</div>



<p></p>

<p>Historie des Fördervereins für berufliche Fortbildung Der FbF wurde im Mai 1987 gegründet. Gründungsmitglieder waren: Herr Landrat Dr. Steuer &nbsp; Herr Pürckhauer Firma Dr. Karl Thomae Biberach Herr Dir. Kube Firma Liebherr Biberach Herr Dir.<a class="read-more" href="https://www.foerderverein-bc.de/index.php/uber-uns/geschichte/">Weiterlesen</a></p>
